y 5?
3
Let y be (-7)/(-3) + (-4)/12. Let i(q) = -y - 5*q**2 - 2*q + 4*q**2 + 6 + q. Calculate the remainder when 15 is divided by i(0).
3
Suppose 13*u - 144 = 636. What is the remainder when u is divided by 32?
28
Suppose -2*z + 0*b + b + 20 = 0, -2*z = -3*b - 28. Let l = z - 3. Calculate the remainder when 18 is divided by l.
3
Let g(y) = y**3 - 8*y**2 + 2*y - 11. Let c be g(8). Let i = c - -8. What is the remainder when 23 is divided by i?
10
Suppose 0 = 7*h - 2*h - 10. Let l(r) = 2*r + 2*r**2 + 0 - 2 + 0*r. Calculate the remainder when 29 is divided by l(h).
9
Suppose -4*u + 55 = 3*n - 0*n, -n = -2*u - 25. Suppose -2*q = -15 + 3. What is the remainder when n is divided by q?
3
What is the remainder when -3*(-1)/6*(35 + -1) is divided by 5?
2
Suppose -20 = -4*j, 2*a - 81 = -j + 2*j. Suppose 5*n - c - 40 = 2*n, -3*n + 3*c + 30 = 0. What is the remainder when a is divided by n?
13
Let o = -25 - -60. What is the remainder when o is divided by 19?
16
Let d(m) = -4*m**3 - 2*m**2 + 2*m - 1. Let c be d(1). Calculate the remainder when ((-2)/6)/(c/60) is divided by 1.
0
Let b(z) = -2*z - 5. Let a(s) = -7*s + 1. Let c be a(1). Calculate the remainder when ((-57)/6)/((-7)/(-42)*-3) is divided by b(c).
5
Let z = 7 + -29. Let j = z - -40. Suppose 4*p - 44 = -4. Calculate the remainder when j is divided by p.
8
What is the remainder when 52 is divided by 1/(2/22) + 0?
8
Suppose a - 5 = 29. Calculate the remainder when a is divided by 9.
7
Suppose 40 = 3*g - 8. Let w = 0 + 4. What is the remainder when g is divided by 18*2*1/w?
7
Let p(b) = b - 2 - 2 - 1 - 5*b. Suppose -4*z + 149 - 9 = q, 56 = z - 5*q. Calculate the remainder when z is divided by p(-6).
17
Suppose 136 = 4*q - 4*p, 137 = 3*q - 2*p + 37. What is the remainder when 126 is divided by q?
30
Suppose -111 = -7*k + 64. Calculate the remainder when k is divided by 8.
1
Calculate the remainder when (-308)/(-12) - 1/(-3) is divided by (1*14)/(-3 - -4).
12
Let o be 13/(0 + 1/2). Suppose l + o = h - 2*l, -5*h + 74 = -l. Calculate the remainder when 25 is divided by h.
11
Let o = -6 - -9. Let i = 8 - 11. Let w = 4 + i. Calculate the remainder when o is divided by w.
0
Suppose 12*m - 9*m = 3. Suppose 5*l - 2*v - 43 = 0, l - 6 = -0*v + 3*v. Calculate the remainder when l is divided by (m - (-3 - 4))/2.
1
What is the remainder when (-188)/(-8)*(0 - -2) is divided by 25?
22
Let z(v) = v**3 - 5*v**2 + 5*v - 7. Calculate the remainder when 53 is divided by z(5).
17
Suppose l + l = 0. Suppose 0 = -l*a + a - 25. Suppose -i = -5*i - 4, -2*g + i + 27 = 0. What is the remainder when a is divided by g?
12
Suppose 0 = -5*s + 165 - 0. Suppose 3*y - s = 5*v + 85, y + 3*v = 44. Let q(b) = -8*b + 62. Calculate the remainder when y is divided by q(6).
13
Let l = -34 - -59. Calculate the remainder when l is divided by 14.
11
Let p = 18 + 5. Calculate the remainder when p is divided by 8.
7
Let c = -48 + 65. Calculate the remainder when 49 is divided by c.
15
Suppose 5*f = -0*f - 25. Let s = 12 + f. Calculate the remainder when 12 is divided by s.
5
Let o = 44 - 21. Calculate the remainder when o is divided by 13.
10
Let x = 7 + 0. Suppose 0 = 5*c - 38 - x. What is the remainder when 25 is divided by c?
7
Suppose 5*u - 77 + 17 = 0. Suppose -4*h + h + 138 = 3*g, 2*h - g = 98. Let l = -25 + h. Calculate the remainder when l is divided by u.
11
Suppose u = 3, -5*f + 5*u + 30 = -0*u. Let g = f + -5. Calculate the remainder when ((-8)/10)/(g/(-10)) is divided by 1.
0
Suppose 2*i = 5*h - 42, 6*h - 2*h + 3*i = 29. Let r = -9 - -22. Calculate the remainder when r is divided by h.
5
Let g be 3/(-3*(-2)/(-4)). Let a = g + 7. What is the remainder when 8 is divided by a?
3
Let p(o) = -o**3 - o**2. Let z be p(0). Suppose w - 66 = -5*h, -w + 78 = 2*h - z*h. Suppose w = 3*c - 1. Calculate the remainder when c is divided by 15.
14
Let b = 35 - 24. Suppose -z + 3*c + b = 0, -z - 29 = -2*z - 3*c. Let a(p) = -7*p - 3. Calculate the remainder when z is divided by a(-2).
9
Suppose 0 = -6*r + 88 + 110. Calculate the remainder when r is divided by 12.
9
Suppose -84 = -2*d + 2*j, 0*d - d + 3*j = -38. Suppose m + 2*b + d = 5*m, 65 = 5*m - 5*b. Calculate the remainder when 25 is divided by m.
7
Let m(p) = -11*p**2 - 2*p. Let r(d) = -12*d**2 - 3*d - 1. Let k(l) = -3*m(l) + 2*r(l). Calculate the remainder when k(2) is divided by 18.
16
Calculate the remainder when 208 is divided by (4 + -12)/(-8) - 9/(-1).
8
Let b(u) = -u**3 + 8*u**2 - 5*u - 14. Calculate the remainder when 82 is divided by b(6).
26
Let c(p) = p**2 + 3*p - 19. What is the remainder when 18 is divided by c(-7)?
0
Suppose -5*g + 5 = -15. Let v(h) = h**2 - 2*h - 4. Let x = 14 + -3. What is the remainder when x is divided by v(g)?
3
What is the remainder when 29 is divided by ((-144)/(-14) - 22/77)/1?
9
Suppose 5*d - 21 = s + 24, -10 = -2*s. What is the remainder when 17 is divided by d?
7
Suppose 9*z + 33 - 231 = 0. Calculate the remainder when 105 is divided by z.
17
Suppose -2*q + 24 = -5*x - 9, -5*x + 135 = 5*q. Calculate the remainder when q is divided by 13.
11
Let i = 88 - 43. Calculate the remainder when i is divided by (-1 + 0)/((-3)/72).
21
Let x = -2 + 4. Suppose -v - 1 = -x. Suppose -3*z + 10 = 2*z - 5*o, -7 = -4*z + 3*o. Calculate the remainder when z is divided by v.
0
Suppose 5*h = -2*r + 61, -5*h + 68 - 5 = r. Let v(t) = t**3 + 5*t**2 - 7*t - 2. What is the remainder when v(-3) is divided by h?
11
Suppose 3*t + 2*t + 33 = n, n - 2*t = 45. Suppose -3*f = -0*f - 81. What is the remainder when n is divided by f?
26
Suppose 89 = 5*s - 106. Suppose -b + 9*a - 5*a + 21 = 0, 5*a = 2*b - s. What is the remainder when b is divided by 9?
8
Suppose 3*d + 4*q = 109, 0 = d - 5*q - 16 + 5. Let n = d + -19. What is the remainder when n is divided by 7?
5
What is the remainder when 14 is divided by (-41)/(-5) + 7/(-35)?
6
Let t(o) = o**3 + 7*o**2 + 6*o - 4. Let v be t(-5). Let r be v/4*6/8. Calculate the remainder when 36 is divided by (13/1)/(r - 2).
10
Let b(t) = -t + 164. Let g be b(0). Suppose 7*n - g = 3*n. Calculate the remainder when n is divided by 22.
19
Let z = 1 + -2. Let o be (z + 2)/((-1)/(-8)). Calculate the remainder when ((-10)/8)/((-1)/o) is divided by 6.
4
Let k(j) = 2*j**3 - 2*j**3 + 7*j**2 - 4*j**3 + 1 + 5*j + 5*j**3. Let v = 17 + -8. What is the remainder when k(-5) is divided by v?
8
Suppose -7*f = -2*f - 230. Suppose q + 3*t + 9 = -0*q, 0 = 4*q + 2*t + 66. What is the remainder when f is divided by (-297)/q - 1/2?
14
Let z(k) be the third derivative of -k**4/24 - 2*k**3/3 + 2*k**2. Let f be z(-14). What is the remainder when (-2 + 1 + 3)*f is divided by 11?
9
Let s = 14 - 9. Let a = 7 - s. Calculate the remainder when a is divided by 2.
0
Let w(y) = -6*y + 68. Let c = 21 - -40. Calculate the remainder when c is divided by w(6).
29
Let v(u) = u - 2. Let o be v(5). Suppose -o*m = 2*m. Suppose -a + 11 = -m*a. Calculate the remainder when 30 is divided by a.
8
Let n(w) = -3*w + 31. What is the remainder when 59 is divided by n(7)?
9
Suppose -2*q - 3*q = -10. Suppose -q*b + 4*x = -20, 0*b - b + 10 = -3*x. What is the remainder when 19 is divided by b?
9
Suppose o - 4 = -o. Suppose -o*u + 2*a = -3*u + 25, -2*u + 35 = a. Suppose -148 = -4*n - 32. Calculate the remainder when n is divided by u.
14
Let b be (1 - 2)/((-1)/31). Let l = b - 22. Let v(g) = -g + 17. What is the remainder when v(0) is divided by l?
8
Let x(s) = -s**3 + 4*s**2 + 2*s - 6. What is the remainder when x(4) is divided by 2 - (-6 + 6) - 0?
0
Let k(s) = 12*s**2 + s - 1. Let j be k(1). Let w be 3/j - (-7)/4. Suppose -5*c - 38 = -2*p, -p = -0*p - w*c - 17. What is the remainder when p is divided by 5?
4
What is the remainder when (-32)/((-35)/(-10) + -4) is divided by 17?
13
Let r be ((1 - 0) + 3)*1. Suppose 5*d = r*x + x + 55, x = 4*d - 50. Calculate the remainder when 37 is divided by d.
11
Let y be ((-22)/(-4))/((-3)/(-6)). Let a(f) = 2*f - 13. Calculate the remainder when a(y) is divided by 6.
3
Let n(w) = -w**2 - 11*w - 4. What is the remainder when 59 is divided by n(-8)?
19
Let q = -13 + 18. Let v = q - -5. What is the remainder when 28 is divided by v?
8
Let y(n) = -n**2 + 10*n - 11. What is the remainder when 27 is divided by y(5)?
13
Suppose 95 = 8*b - 4*b + t, 4*t = -b + 5. What is the re